{"id":161,"date":"2017-02-22T14:14:23","date_gmt":"2017-02-22T13:14:23","guid":{"rendered":"http:\/\/www.2016.dibas.de\/foto\/?page_id=161"},"modified":"2017-02-24T13:37:37","modified_gmt":"2017-02-24T12:37:37","slug":"reisen","status":"publish","type":"page","link":"https:\/\/www.dibas.de\/foto\/reisen\/","title":{"rendered":"Reisen"},"content":{"rendered":"<div  class=\"one withsmallpadding ppb_text\" style=\"padding:30px 0 30px 0;\" >\n<div class=\"standard_wrapper\">\n<div class=\"page_content_wrapper\">\n<div class=\"inner\">\n<div style=\"margin:auto;width:100%\">\n<h1>Reisen<\/h1>\n<p>Reisen bildet. Und k\u00f6stlich ist die Lekt\u00fcre unserer gro\u00dfen Dichter und Denker, wenn sie ihre Reiseerlebnisse schildern. Goethes Reisetageb\u00fccher zum Beispiel. Doch damals im Postkutschenzeitalter war schon die Anreise das eigentliche Erlebnis. Heute geht es in wenigen Stunden per Flugzeug rund um den Globus.<\/p>\n<p>Begegnungen mit Menschen und Kulturen in fernen L\u00e4ndern sind immer wieder eine Bereicherung. Bilder aus Nepal, aus S\u00fcd- und Nordeuropa sowie aus New York und Brasilien als erste Impressionen.<\/p>\n<\/div>\n<\/div>\n<\/div>\n<\/div>\n<\/div>\n<div  class=\"one withsmallpadding ppb_text\" style=\"padding:30px 0 30px 0;\" >\n<div class=\"standard_wrapper\">\n<div class=\"page_content_wrapper\">\n<div class=\"inner\">\n<div style=\"margin:auto;width:100%\">\n<h1>Reisen<\/h1>\n<p>Reisen bildet. Und k\u00f6stlich ist die Lekt\u00fcre unserer gro\u00dfen Dichter und Denker, wenn sie ihre Reiseerlebnisse schildern. Goethes Reisetageb\u00fccher zum Beispiel. Doch damals im Postkutschenzeitalter war schon die Anreise das eigentliche Erlebnis. Heute geht es in wenigen Stunden per Flugzeug rund um den Globus.<\/p>\n<p>Begegnungen mit Menschen und Kulturen in fernen L\u00e4ndern sind immer wieder eine Bereicherung. Bilder aus Nepal, aus S\u00fcd- und Nordeuropa sowie aus New York und Brasilien als erste Impressionen.<\/p>\n<\/div>\n<\/div>\n<\/div>\n<\/div>\n<\/div>\n","protected":false},"excerpt":{"rendered":"<p>Reisen Reisen bildet. Und k\u00f6stlich ist die Lekt\u00fcre unserer gro\u00dfen Dichter und Denker, wenn sie ihre Reiseerlebnisse schildern. Goethes Reisetageb\u00fccher zum Beispiel. Doch damals im Postkutschenzeitalter war schon die Anreise das eigentliche Erlebnis. Heute geht es in wenigen Stunden per [&hellip;]<\/p>\n","protected":false},"author":1,"featured_media":0,"parent":0,"menu_order":0,"comment_status":"closed","ping_status":"closed","template":"","meta":{"_monsterinsights_skip_tracking":false,"_monsterinsights_sitenote_active":false,"_monsterinsights_sitenote_note":"","_monsterinsights_sitenote_category":0,"footnotes":""},"class_list":["post-161","page","type-page","status-publish","hentry"],"_links":{"self":[{"href":"https:\/\/www.dibas.de\/foto\/wp-json\/wp\/v2\/pages\/161","targetHints":{"allow":["GET"]}}],"collection":[{"href":"https:\/\/www.dibas.de\/foto\/wp-json\/wp\/v2\/pages"}],"about":[{"href":"https:\/\/www.dibas.de\/foto\/wp-json\/wp\/v2\/types\/page"}],"author":[{"embeddable":true,"href":"https:\/\/www.dibas.de\/foto\/wp-json\/wp\/v2\/users\/1"}],"replies":[{"embeddable":true,"href":"https:\/\/www.dibas.de\/foto\/wp-json\/wp\/v2\/comments?post=161"}],"version-history":[{"count":45,"href":"https:\/\/www.dibas.de\/foto\/wp-json\/wp\/v2\/pages\/161\/revisions"}],"predecessor-version":[{"id":665,"href":"https:\/\/www.dibas.de\/foto\/wp-json\/wp\/v2\/pages\/161\/revisions\/665"}],"wp:attachment":[{"href":"https:\/\/www.dibas.de\/foto\/wp-json\/wp\/v2\/media?parent=161"}],"curies":[{"name":"wp","href":"https:\/\/api.w.org\/{rel}","templated":true}]}}